{"id":229,"date":"2023-08-22T19:46:56","date_gmt":"2023-08-22T17:46:56","guid":{"rendered":"https:\/\/horscadre.net\/?page_id=229"},"modified":"2024-06-27T11:19:55","modified_gmt":"2024-06-27T09:19:55","slug":"en-savoir","status":"publish","type":"page","link":"https:\/\/horscadre.net\/?page_id=229","title":{"rendered":"En savoir +"},"content":{"rendered":"\n<p><strong>Qui veut la peau de maria soprano\u00a0?<\/strong><\/p>\n\n\n\n<p>Les spectateurs (joueurs) incarnent collectivement le (la) c\u00e9l\u00e8bre d\u00e9tective priv\u00e9 Claude Caplin engag\u00e9(e) par la c\u00e9l\u00e8bre diva de l&rsquo;op\u00e9ra, Maria Soprano, qui est menac\u00e9e de chantage et de mort par un membre de sa tourn\u00e9e. Le jeu se d\u00e9roule dans les coulisses de la tourn\u00e9e mondiale de la diva, o\u00f9 les suspects sont nombreux et les secrets abondent.<\/p>\n\n\n\n<p>Le jeu comporte plusieurs niveaux, chacun repr\u00e9sentant une \u00e9tape de l&rsquo;enqu\u00eate. Au cours du premier niveau, vous rencontrerez Maria Soprano et devriez rassembler des indices sur les menaces qu&rsquo;elle a re\u00e7ues. Puis vous interrogez \u00e9galement les membres de sa tourn\u00e9e, y compris les acteurs, les techniciens, les musiciens et les autres membres du personnel.<\/p>\n\n\n\n<p>Au fur et \u00e0 mesure que vous progressez dans le jeu, vous d\u00e9couvrez que les motivations de chaque suspect sont diff\u00e9rentes. Certains ont des comptes \u00e0 r\u00e9gler avec Maria Soprano, tandis que d&rsquo;autres ont des secrets \u00e0 cacher. Vous devez donc \u00eatre attentif aux d\u00e9tails et collecter les preuves n\u00e9cessaires pour identifier le coupable.<br><br>Les indices que vous collectez tout au long du jeu vous aident \u00e0 reconstituer les \u00e9v\u00e9nements qui ont conduit aux menaces de chantage et de mort. Vous devez \u00e9galement faire attention aux fausses pistes, car certains suspects peuvent vous tromper pour vous emp\u00eacher de d\u00e9couvrir la v\u00e9rit\u00e9.<\/p>\n\n\n\n<p>Au dernier niveau du jeu, vous (joueur) avez suffisamment de preuves pour identifier le coupable.<\/p>\n\n\n\n<p>Le jeu est con\u00e7u pour offrir une exp\u00e9rience immersive et engageante. Les joueurs doivent faire preuve de logique, de perspicacit\u00e9 et de d\u00e9duction pour r\u00e9soudre l&rsquo;enqu\u00eate et d\u00e9couvrir la v\u00e9rit\u00e9 sur les menaces qui p\u00e8sent sur la diva.<\/p>\n\n\n\n<figure class=\"wp-block-image size-full\"><img fetchpriority=\"high\" decoding=\"async\" width=\"768\" height=\"768\" src=\"https:\/\/horscadre.net\/wp-content\/uploads\/2023\/08\/Leonardo_Diffusion_16th_century_A_Lyric_singer_female_on_stage_5.webp\" alt=\"\" class=\"wp-image-231\" srcset=\"https:\/\/horscadre.net\/wp-content\/uploads\/2023\/08\/Leonardo_Diffusion_16th_century_A_Lyric_singer_female_on_stage_5.webp 768w, https:\/\/horscadre.net\/wp-content\/uploads\/2023\/08\/Leonardo_Diffusion_16th_century_A_Lyric_singer_female_on_stage_5-300x300.webp 300w, https:\/\/horscadre.net\/wp-content\/uploads\/2023\/08\/Leonardo_Diffusion_16th_century_A_Lyric_singer_female_on_stage_5-150x150.webp 150w, https:\/\/horscadre.net\/wp-content\/uploads\/2023\/08\/Leonardo_Diffusion_16th_century_A_Lyric_singer_female_on_stage_5-100x100.webp 100w\" sizes=\"(max-width: 768px) 100vw, 768px\" \/><\/figure>\n","protected":false},"excerpt":{"rendered":"<p>Qui veut la peau de maria soprano\u00a0? Les spectateurs (joueurs) incarnent collectivement le (la) c\u00e9l\u00e8bre d\u00e9tective priv\u00e9 Claude Caplin engag\u00e9(e) par la c\u00e9l\u00e8bre diva de l&rsquo;op\u00e9ra, Maria Soprano, qui est menac\u00e9e de chantage et de mort par un membre de sa tourn\u00e9e. Le jeu se d\u00e9roule dans les coulisses de la tourn\u00e9e mondiale de la [&hellip;]<\/p>\n","protected":false},"author":1,"featured_media":0,"parent":0,"menu_order":0,"comment_status":"closed","ping_status":"closed","template":"","meta":{"footnotes":""},"class_list":["post-229","page","type-page","status-publish","hentry"],"yoast_head":"<!-- This site is optimized with the Yoast SEO plugin v27.2 - https:\/\/yoast.com\/product\/yoast-seo-wordpress\/ -->\n<title>En savoir + - Hors Cadre Association<\/title>\n<meta name=\"robots\" content=\"index, follow, max-snippet:-1, max-image-preview:large, max-video-preview:-1\" \/>\n<link rel=\"canonical\" href=\"https:\/\/horscadre.net\/?page_id=229\" \/>\n<meta property=\"og:locale\" content=\"fr_FR\" \/>\n<meta property=\"og:type\" content=\"article\" \/>\n<meta property=\"og:title\" content=\"En savoir + - Hors Cadre Association\" \/>\n<meta property=\"og:description\" content=\"Qui veut la peau de maria soprano\u00a0? Les spectateurs (joueurs) incarnent collectivement le (la) c\u00e9l\u00e8bre d\u00e9tective priv\u00e9 Claude Caplin engag\u00e9(e) par la c\u00e9l\u00e8bre diva de l&rsquo;op\u00e9ra, Maria Soprano, qui est menac\u00e9e de chantage et de mort par un membre de sa tourn\u00e9e. Le jeu se d\u00e9roule dans les coulisses de la tourn\u00e9e mondiale de la [&hellip;]\" \/>\n<meta property=\"og:url\" content=\"https:\/\/horscadre.net\/?page_id=229\" \/>\n<meta property=\"og:site_name\" content=\"Hors Cadre Association\" \/>\n<meta property=\"article:modified_time\" content=\"2024-06-27T09:19:55+00:00\" \/>\n<meta property=\"og:image\" content=\"https:\/\/horscadre.net\/wp-content\/uploads\/2023\/08\/Leonardo_Diffusion_16th_century_A_Lyric_singer_female_on_stage_5.webp\" \/>\n\t<meta property=\"og:image:width\" content=\"768\" \/>\n\t<meta property=\"og:image:height\" content=\"768\" \/>\n\t<meta property=\"og:image:type\" content=\"image\/webp\" \/>\n<meta name=\"twitter:card\" content=\"summary_large_image\" \/>\n<meta name=\"twitter:label1\" content=\"Dur\u00e9e de lecture estim\u00e9e\" \/>\n\t<meta name=\"twitter:data1\" content=\"2 minutes\" \/>\n<script type=\"application\/ld+json\" class=\"yoast-schema-graph\">{\"@context\":\"https:\/\/schema.org\",\"@graph\":[{\"@type\":\"WebPage\",\"@id\":\"https:\/\/horscadre.net\/?page_id=229\",\"url\":\"https:\/\/horscadre.net\/?page_id=229\",\"name\":\"En savoir + - Hors Cadre Association\",\"isPartOf\":{\"@id\":\"https:\/\/horscadre.net\/#website\"},\"primaryImageOfPage\":{\"@id\":\"https:\/\/horscadre.net\/?page_id=229#primaryimage\"},\"image\":{\"@id\":\"https:\/\/horscadre.net\/?page_id=229#primaryimage\"},\"thumbnailUrl\":\"https:\/\/horscadre.net\/wp-content\/uploads\/2023\/08\/Leonardo_Diffusion_16th_century_A_Lyric_singer_female_on_stage_5.webp\",\"datePublished\":\"2023-08-22T17:46:56+00:00\",\"dateModified\":\"2024-06-27T09:19:55+00:00\",\"breadcrumb\":{\"@id\":\"https:\/\/horscadre.net\/?page_id=229#breadcrumb\"},\"inLanguage\":\"fr-FR\",\"potentialAction\":[{\"@type\":\"ReadAction\",\"target\":[\"https:\/\/horscadre.net\/?page_id=229\"]}]},{\"@type\":\"ImageObject\",\"inLanguage\":\"fr-FR\",\"@id\":\"https:\/\/horscadre.net\/?page_id=229#primaryimage\",\"url\":\"https:\/\/horscadre.net\/wp-content\/uploads\/2023\/08\/Leonardo_Diffusion_16th_century_A_Lyric_singer_female_on_stage_5.webp\",\"contentUrl\":\"https:\/\/horscadre.net\/wp-content\/uploads\/2023\/08\/Leonardo_Diffusion_16th_century_A_Lyric_singer_female_on_stage_5.webp\",\"width\":768,\"height\":768},{\"@type\":\"BreadcrumbList\",\"@id\":\"https:\/\/horscadre.net\/?page_id=229#breadcrumb\",\"itemListElement\":[{\"@type\":\"ListItem\",\"position\":1,\"name\":\"Home\",\"item\":\"https:\/\/horscadre.net\/\"},{\"@type\":\"ListItem\",\"position\":2,\"name\":\"En savoir +\"}]},{\"@type\":\"WebSite\",\"@id\":\"https:\/\/horscadre.net\/#website\",\"url\":\"https:\/\/horscadre.net\/\",\"name\":\"Hors Cadre Association\",\"description\":\"Un souffle cr\u00e9ateur\",\"potentialAction\":[{\"@type\":\"SearchAction\",\"target\":{\"@type\":\"EntryPoint\",\"urlTemplate\":\"https:\/\/horscadre.net\/?s={search_term_string}\"},\"query-input\":{\"@type\":\"PropertyValueSpecification\",\"valueRequired\":true,\"valueName\":\"search_term_string\"}}],\"inLanguage\":\"fr-FR\"}]}<\/script>\n<!-- \/ Yoast SEO plugin. -->","yoast_head_json":{"title":"En savoir + - Hors Cadre Association","robots":{"index":"index","follow":"follow","max-snippet":"max-snippet:-1","max-image-preview":"max-image-preview:large","max-video-preview":"max-video-preview:-1"},"canonical":"https:\/\/horscadre.net\/?page_id=229","og_locale":"fr_FR","og_type":"article","og_title":"En savoir + - Hors Cadre Association","og_description":"Qui veut la peau de maria soprano\u00a0? Les spectateurs (joueurs) incarnent collectivement le (la) c\u00e9l\u00e8bre d\u00e9tective priv\u00e9 Claude Caplin engag\u00e9(e) par la c\u00e9l\u00e8bre diva de l&rsquo;op\u00e9ra, Maria Soprano, qui est menac\u00e9e de chantage et de mort par un membre de sa tourn\u00e9e. Le jeu se d\u00e9roule dans les coulisses de la tourn\u00e9e mondiale de la [&hellip;]","og_url":"https:\/\/horscadre.net\/?page_id=229","og_site_name":"Hors Cadre Association","article_modified_time":"2024-06-27T09:19:55+00:00","og_image":[{"width":768,"height":768,"url":"https:\/\/horscadre.net\/wp-content\/uploads\/2023\/08\/Leonardo_Diffusion_16th_century_A_Lyric_singer_female_on_stage_5.webp","type":"image\/webp"}],"twitter_card":"summary_large_image","twitter_misc":{"Dur\u00e9e de lecture estim\u00e9e":"2 minutes"},"schema":{"@context":"https:\/\/schema.org","@graph":[{"@type":"WebPage","@id":"https:\/\/horscadre.net\/?page_id=229","url":"https:\/\/horscadre.net\/?page_id=229","name":"En savoir + - Hors Cadre Association","isPartOf":{"@id":"https:\/\/horscadre.net\/#website"},"primaryImageOfPage":{"@id":"https:\/\/horscadre.net\/?page_id=229#primaryimage"},"image":{"@id":"https:\/\/horscadre.net\/?page_id=229#primaryimage"},"thumbnailUrl":"https:\/\/horscadre.net\/wp-content\/uploads\/2023\/08\/Leonardo_Diffusion_16th_century_A_Lyric_singer_female_on_stage_5.webp","datePublished":"2023-08-22T17:46:56+00:00","dateModified":"2024-06-27T09:19:55+00:00","breadcrumb":{"@id":"https:\/\/horscadre.net\/?page_id=229#breadcrumb"},"inLanguage":"fr-FR","potentialAction":[{"@type":"ReadAction","target":["https:\/\/horscadre.net\/?page_id=229"]}]},{"@type":"ImageObject","inLanguage":"fr-FR","@id":"https:\/\/horscadre.net\/?page_id=229#primaryimage","url":"https:\/\/horscadre.net\/wp-content\/uploads\/2023\/08\/Leonardo_Diffusion_16th_century_A_Lyric_singer_female_on_stage_5.webp","contentUrl":"https:\/\/horscadre.net\/wp-content\/uploads\/2023\/08\/Leonardo_Diffusion_16th_century_A_Lyric_singer_female_on_stage_5.webp","width":768,"height":768},{"@type":"BreadcrumbList","@id":"https:\/\/horscadre.net\/?page_id=229#breadcrumb","itemListElement":[{"@type":"ListItem","position":1,"name":"Home","item":"https:\/\/horscadre.net\/"},{"@type":"ListItem","position":2,"name":"En savoir +"}]},{"@type":"WebSite","@id":"https:\/\/horscadre.net\/#website","url":"https:\/\/horscadre.net\/","name":"Hors Cadre Association","description":"Un souffle cr\u00e9ateur","potentialAction":[{"@type":"SearchAction","target":{"@type":"EntryPoint","urlTemplate":"https:\/\/horscadre.net\/?s={search_term_string}"},"query-input":{"@type":"PropertyValueSpecification","valueRequired":true,"valueName":"search_term_string"}}],"inLanguage":"fr-FR"}]}},"_links":{"self":[{"href":"https:\/\/horscadre.net\/index.php?rest_route=\/wp\/v2\/pages\/229","targetHints":{"allow":["GET"]}}],"collection":[{"href":"https:\/\/horscadre.net\/index.php?rest_route=\/wp\/v2\/pages"}],"about":[{"href":"https:\/\/horscadre.net\/index.php?rest_route=\/wp\/v2\/types\/page"}],"author":[{"embeddable":true,"href":"https:\/\/horscadre.net\/index.php?rest_route=\/wp\/v2\/users\/1"}],"replies":[{"embeddable":true,"href":"https:\/\/horscadre.net\/index.php?rest_route=%2Fwp%2Fv2%2Fcomments&post=229"}],"version-history":[{"count":4,"href":"https:\/\/horscadre.net\/index.php?rest_route=\/wp\/v2\/pages\/229\/revisions"}],"predecessor-version":[{"id":339,"href":"https:\/\/horscadre.net\/index.php?rest_route=\/wp\/v2\/pages\/229\/revisions\/339"}],"wp:attachment":[{"href":"https:\/\/horscadre.net\/index.php?rest_route=%2Fwp%2Fv2%2Fmedia&parent=229"}],"curies":[{"name":"wp","href":"https:\/\/api.w.org\/{rel}","templated":true}]}}