{"id":9,"date":"2019-11-08T15:09:33","date_gmt":"2019-11-08T14:09:33","guid":{"rendered":"https:\/\/horscadre.net\/?page_id=9"},"modified":"2019-11-08T16:14:33","modified_gmt":"2019-11-08T15:14:33","slug":"a-propos-de","status":"publish","type":"page","link":"https:\/\/horscadre.net\/?page_id=9","title":{"rendered":"\u00c0 propos de"},"content":{"rendered":"<p>L&rsquo;association hors cadre fut (re)fond\u00e9e en 2006 \u00e0 la fois pour cr\u00e9er des \u00e9v\u00e9nements ludiques tels les soir\u00e9es enqu\u00eates ou les grandeurs natures et des mini-spectacles.<\/p>\n<p>Notre cr\u00e9do :<strong><span style=\"color: #800000;\"> \u00eatre inventif.&nbsp;<\/span> <\/strong><br \/>\nNotre axe de travail : <span style=\"color: #800000;\"><strong>le costume.<\/strong><\/span><\/p>\n<p>Ainsi nous investissons \u00e0 la demande un site (un ch\u00e2teau, un magasin, etc.) et nous y cr\u00e9ons ou adaptons une histoire, fabriquons des costumes, des \u00e9l\u00e9ments de d\u00e9cors&#8230;<\/p>\n","protected":false},"excerpt":{"rendered":"<p>L&rsquo;association hors cadre fut (re)fond\u00e9e en 2006 \u00e0 la fois pour cr\u00e9er des \u00e9v\u00e9nements ludiques tels les soir\u00e9es enqu\u00eates ou les grandeurs natures et des mini-spectacles. Notre cr\u00e9do : \u00eatre inventif.&nbsp; Notre axe de travail : le costume. Ainsi nous investissons \u00e0 la demande un site (un ch\u00e2teau, un magasin, etc.) et nous y cr\u00e9ons [&hellip;]<\/p>\n","protected":false},"author":1,"featured_media":42,"parent":0,"menu_order":0,"comment_status":"closed","ping_status":"open","template":"","meta":{"footnotes":""},"class_list":["post-9","page","type-page","status-publish","has-post-thumbnail","hentry"],"yoast_head":"<!-- This site is optimized with the Yoast SEO plugin v27.2 - https:\/\/yoast.com\/product\/yoast-seo-wordpress\/ -->\n<title>\u00c0 propos de - Hors Cadre Association<\/title>\n<meta name=\"robots\" content=\"index, follow, max-snippet:-1, max-image-preview:large, max-video-preview:-1\" \/>\n<link rel=\"canonical\" href=\"https:\/\/horscadre.net\/?page_id=9\" \/>\n<meta property=\"og:locale\" content=\"fr_FR\" \/>\n<meta property=\"og:type\" content=\"article\" \/>\n<meta property=\"og:title\" content=\"\u00c0 propos de - Hors Cadre Association\" \/>\n<meta property=\"og:description\" content=\"L&rsquo;association hors cadre fut (re)fond\u00e9e en 2006 \u00e0 la fois pour cr\u00e9er des \u00e9v\u00e9nements ludiques tels les soir\u00e9es enqu\u00eates ou les grandeurs natures et des mini-spectacles. Notre cr\u00e9do : \u00eatre inventif.&nbsp; Notre axe de travail : le costume. Ainsi nous investissons \u00e0 la demande un site (un ch\u00e2teau, un magasin, etc.) et nous y cr\u00e9ons [&hellip;]\" \/>\n<meta property=\"og:url\" content=\"https:\/\/horscadre.net\/?page_id=9\" \/>\n<meta property=\"og:site_name\" content=\"Hors Cadre Association\" \/>\n<meta property=\"article:modified_time\" content=\"2019-11-08T15:14:33+00:00\" \/>\n<meta property=\"og:image\" content=\"https:\/\/horscadre.net\/wp-content\/uploads\/2019\/11\/Img_3042.jpg\" \/>\n\t<meta property=\"og:image:width\" content=\"2811\" \/>\n\t<meta property=\"og:image:height\" content=\"1571\" \/>\n\t<meta property=\"og:image:type\" content=\"image\/jpeg\" \/>\n<meta name=\"twitter:card\" content=\"summary_large_image\" \/>\n<script type=\"application\/ld+json\" class=\"yoast-schema-graph\">{\"@context\":\"https:\/\/schema.org\",\"@graph\":[{\"@type\":\"WebPage\",\"@id\":\"https:\/\/horscadre.net\/?page_id=9\",\"url\":\"https:\/\/horscadre.net\/?page_id=9\",\"name\":\"\u00c0 propos de - Hors Cadre Association\",\"isPartOf\":{\"@id\":\"https:\/\/horscadre.net\/#website\"},\"primaryImageOfPage\":{\"@id\":\"https:\/\/horscadre.net\/?page_id=9#primaryimage\"},\"image\":{\"@id\":\"https:\/\/horscadre.net\/?page_id=9#primaryimage\"},\"thumbnailUrl\":\"https:\/\/horscadre.net\/wp-content\/uploads\/2019\/11\/Img_3042.jpg\",\"datePublished\":\"2019-11-08T14:09:33+00:00\",\"dateModified\":\"2019-11-08T15:14:33+00:00\",\"breadcrumb\":{\"@id\":\"https:\/\/horscadre.net\/?page_id=9#breadcrumb\"},\"inLanguage\":\"fr-FR\",\"potentialAction\":[{\"@type\":\"ReadAction\",\"target\":[\"https:\/\/horscadre.net\/?page_id=9\"]}]},{\"@type\":\"ImageObject\",\"inLanguage\":\"fr-FR\",\"@id\":\"https:\/\/horscadre.net\/?page_id=9#primaryimage\",\"url\":\"https:\/\/horscadre.net\/wp-content\/uploads\/2019\/11\/Img_3042.jpg\",\"contentUrl\":\"https:\/\/horscadre.net\/wp-content\/uploads\/2019\/11\/Img_3042.jpg\",\"width\":2811,\"height\":1571},{\"@type\":\"BreadcrumbList\",\"@id\":\"https:\/\/horscadre.net\/?page_id=9#breadcrumb\",\"itemListElement\":[{\"@type\":\"ListItem\",\"position\":1,\"name\":\"Home\",\"item\":\"https:\/\/horscadre.net\/\"},{\"@type\":\"ListItem\",\"position\":2,\"name\":\"\u00c0 propos de\"}]},{\"@type\":\"WebSite\",\"@id\":\"https:\/\/horscadre.net\/#website\",\"url\":\"https:\/\/horscadre.net\/\",\"name\":\"Hors Cadre Association\",\"description\":\"Un souffle cr\u00e9ateur\",\"potentialAction\":[{\"@type\":\"SearchAction\",\"target\":{\"@type\":\"EntryPoint\",\"urlTemplate\":\"https:\/\/horscadre.net\/?s={search_term_string}\"},\"query-input\":{\"@type\":\"PropertyValueSpecification\",\"valueRequired\":true,\"valueName\":\"search_term_string\"}}],\"inLanguage\":\"fr-FR\"}]}<\/script>\n<!-- \/ Yoast SEO plugin. -->","yoast_head_json":{"title":"\u00c0 propos de - Hors Cadre Association","robots":{"index":"index","follow":"follow","max-snippet":"max-snippet:-1","max-image-preview":"max-image-preview:large","max-video-preview":"max-video-preview:-1"},"canonical":"https:\/\/horscadre.net\/?page_id=9","og_locale":"fr_FR","og_type":"article","og_title":"\u00c0 propos de - Hors Cadre Association","og_description":"L&rsquo;association hors cadre fut (re)fond\u00e9e en 2006 \u00e0 la fois pour cr\u00e9er des \u00e9v\u00e9nements ludiques tels les soir\u00e9es enqu\u00eates ou les grandeurs natures et des mini-spectacles. Notre cr\u00e9do : \u00eatre inventif.&nbsp; Notre axe de travail : le costume. Ainsi nous investissons \u00e0 la demande un site (un ch\u00e2teau, un magasin, etc.) et nous y cr\u00e9ons [&hellip;]","og_url":"https:\/\/horscadre.net\/?page_id=9","og_site_name":"Hors Cadre Association","article_modified_time":"2019-11-08T15:14:33+00:00","og_image":[{"width":2811,"height":1571,"url":"https:\/\/horscadre.net\/wp-content\/uploads\/2019\/11\/Img_3042.jpg","type":"image\/jpeg"}],"twitter_card":"summary_large_image","schema":{"@context":"https:\/\/schema.org","@graph":[{"@type":"WebPage","@id":"https:\/\/horscadre.net\/?page_id=9","url":"https:\/\/horscadre.net\/?page_id=9","name":"\u00c0 propos de - Hors Cadre Association","isPartOf":{"@id":"https:\/\/horscadre.net\/#website"},"primaryImageOfPage":{"@id":"https:\/\/horscadre.net\/?page_id=9#primaryimage"},"image":{"@id":"https:\/\/horscadre.net\/?page_id=9#primaryimage"},"thumbnailUrl":"https:\/\/horscadre.net\/wp-content\/uploads\/2019\/11\/Img_3042.jpg","datePublished":"2019-11-08T14:09:33+00:00","dateModified":"2019-11-08T15:14:33+00:00","breadcrumb":{"@id":"https:\/\/horscadre.net\/?page_id=9#breadcrumb"},"inLanguage":"fr-FR","potentialAction":[{"@type":"ReadAction","target":["https:\/\/horscadre.net\/?page_id=9"]}]},{"@type":"ImageObject","inLanguage":"fr-FR","@id":"https:\/\/horscadre.net\/?page_id=9#primaryimage","url":"https:\/\/horscadre.net\/wp-content\/uploads\/2019\/11\/Img_3042.jpg","contentUrl":"https:\/\/horscadre.net\/wp-content\/uploads\/2019\/11\/Img_3042.jpg","width":2811,"height":1571},{"@type":"BreadcrumbList","@id":"https:\/\/horscadre.net\/?page_id=9#breadcrumb","itemListElement":[{"@type":"ListItem","position":1,"name":"Home","item":"https:\/\/horscadre.net\/"},{"@type":"ListItem","position":2,"name":"\u00c0 propos de"}]},{"@type":"WebSite","@id":"https:\/\/horscadre.net\/#website","url":"https:\/\/horscadre.net\/","name":"Hors Cadre Association","description":"Un souffle cr\u00e9ateur","potentialAction":[{"@type":"SearchAction","target":{"@type":"EntryPoint","urlTemplate":"https:\/\/horscadre.net\/?s={search_term_string}"},"query-input":{"@type":"PropertyValueSpecification","valueRequired":true,"valueName":"search_term_string"}}],"inLanguage":"fr-FR"}]}},"_links":{"self":[{"href":"https:\/\/horscadre.net\/index.php?rest_route=\/wp\/v2\/pages\/9","targetHints":{"allow":["GET"]}}],"collection":[{"href":"https:\/\/horscadre.net\/index.php?rest_route=\/wp\/v2\/pages"}],"about":[{"href":"https:\/\/horscadre.net\/index.php?rest_route=\/wp\/v2\/types\/page"}],"author":[{"embeddable":true,"href":"https:\/\/horscadre.net\/index.php?rest_route=\/wp\/v2\/users\/1"}],"replies":[{"embeddable":true,"href":"https:\/\/horscadre.net\/index.php?rest_route=%2Fwp%2Fv2%2Fcomments&post=9"}],"version-history":[{"count":3,"href":"https:\/\/horscadre.net\/index.php?rest_route=\/wp\/v2\/pages\/9\/revisions"}],"predecessor-version":[{"id":46,"href":"https:\/\/horscadre.net\/index.php?rest_route=\/wp\/v2\/pages\/9\/revisions\/46"}],"wp:featuredmedia":[{"embeddable":true,"href":"https:\/\/horscadre.net\/index.php?rest_route=\/wp\/v2\/media\/42"}],"wp:attachment":[{"href":"https:\/\/horscadre.net\/index.php?rest_route=%2Fwp%2Fv2%2Fmedia&parent=9"}],"curies":[{"name":"wp","href":"https:\/\/api.w.org\/{rel}","templated":true}]}}